What is the hundreds digit of 514476?
4
What is the hundred thousands digit of 213977?
2
What is the ten thousands digit of 464881?
6
What is the hundreds digit of 160367?
3
What is the hundreds digit of 9062738?
7
What is the ten thousands digit of 1052136?
5
What is the thousands digit of 288421?
8
What is the ten thousands digit of 761595?
6
What is the units digit of 589194?
4
What is the hundred thousands digit of 145738?
1
What is the thousands digit of 1675694?
5
What is the hundreds digit of 201726?
7
What is the units digit of 27123?
3
What is the hundred thousands digit of 316019?
3
What is the tens digit of 179735?
3
What is the hundreds digit of 94908?
9
What is the ten thousands digit of 5137871?
3
What is the units digit of 3530579?
9
What is the hundreds digit of 7179870?
8
What is the hundreds digit of 1731557?
5
What is the ten thousands digit of 6663912?
6
What is the tens digit of 202195?
9
What is the ten thousands digit of 25756083?
5
What is the tens digit of 1232524?
2
What is the ten thousands digit of 1434767?
3
What is the millions digit of 21328509?
1
What is the hundred thousands digit of 196939?
1
What is the millions digit of 14668224?
4
What is the thousands digit of 175644?
5
What is the thousands digit of 267168?
7
What is the units digit of 14408057?
7
What is the hundred thousands digit of 6458117?
4
What is the hundred thousands digit of 858265?
8
What is the hundreds digit of 142059?
0
What is the tens digit of 458540?
4
What is the millions digit of 9250344?
9
What is the hundred thousands digit of 1380800?
3
What is the hundred thousands digit of 435201?
4
What is the tens digit of 8888397?
9
What is the tens digit of 107203?
0
What is the hundred thousands digit of 2803190?
8
What is the millions digit of 1939726?
1
What is the units digit of 2730219?
9
What is the ten millions digit of 37674161?
3
What is the ten thousands digit of 307679?
0
What is the tens digit of 144910?
1
What is the units digit of 233433?
3
What is the hundred thousands digit of 5881190?
8
What is the units digit of 9743766?
6
What is the thousands digit of 545021?
5
What is the thousands digit of 703831?
3
What is the millions digit of 7207069?
7
What is the units digit of 836977?
7
What is the thousands digit of 3300230?
0
What is the units digit of 262591?
1
What is the hundred thousands digit of 10147928?
1
What is the hundreds digit of 8461477?
4
What is the thousands digit of 13620?
3
What is the units digit of 12220820?
0
What is the units digit of 354935?
5
What is the ten thousands digit of 5912127?
1
What is the units digit of 3295285?
5
What is the millions digit of 1491292?
1
What is the hundreds digit of 199363?
3
What is the thousands digit of 747974?
7
What is the units digit of 5551898?
8
What is the ten thousands digit of 1380290?
8
What is the hundreds digit of 2352179?
1
What is the ten thousands digit of 538093?
3
What is the hundreds digit of 20971344?
3
What is the tens digit of 16510?
1
What is the hundreds digit of 3590848?
8
What is the tens digit of 764412?
1
What is the tens digit of 262704?
0
What is the hundred thousands digit of 436651?
4
What is the units digit of 14559?
9
What is the ten thousands digit of 103784?
0
What is the tens digit of 13299?
9
What is the ten thousands digit of 2466278?
6
What is the units digit of 545749?
9
What is the tens digit of 3154293?
9
What is the tens digit of 5431062?
6
What is the units digit of 89906?
6
What is the ten thousands digit of 389961?
8
What is the ten thousands digit of 1030410?
3
What is the hundreds digit of 2695171?
1
What is the units digit of 964071?
1
What is the ten thousands digit of 1119196?
1
What is the ten millions digit of 10487722?
1
What is the thousands digit of 5270683?
0
What is the ten millions digit of 13413826?
1
What is the hundred thousands digit of 614393?
6
What is the thousands digit of 9489?
9
What is the ten thousands digit of 126254?
2
What is the thousands digit of 100352?
0
What is the thousands digit of 20149548?
9
What is the units digit of 307091?
1
What is the ten thousands digit of 269824?
6
What is the ten thousands digit of 3303416?
0
What is the tens digit of 315146?
4
What is the hundreds digit of 138761?
7
What is the tens digit of 103047?
4
What is the hundred thousands digit of 4185977?
1
What is the millions digit of 11696886?
1
What is the hundred thousands digit of 1733203?
7
What is the units digit of 294383?
3
What is the units digit of 2186613?
3
What is the units digit of 1862909?
9
What is the ten thousands digit of 3457919?
5
What is the units digit of 1867006?
6
What is the units digit of 18304768?
8
What is the tens digit of 435027?
2
What is the ten thousands digit of 33947?
3
What is the thousands digit of 4243447?
3
What is the tens digit of 81567?
6
What is the hundred thousands digit of 7868300?
8
What is the hundred thousands digit of 6152318?
1
What is the hundred thousands digit of 127385?
1
What is the thousands digit of 404316?
4
What is the hundred thousands digit of 503487?
5
What is the millions digit of 11760172?
1
What is the units digit of 94207?
7
What is the hundreds digit of 3520552?
5
What is the hundred thousands digit of 1850604?
8
What is the thousands digit of 11613727?
3
What is the thousands digit of 696368?
6
What is the thousands digit of 137341?
7
What is the ten thousands digit of 3322482?
2
What is the ten thousands digit of 221470?
2
What is the ten thousands digit of 4719943?
1
What is the tens digit of 3748869?
6
What is the hundreds digit of 5980506?
5
What is the tens digit of 6383868?
6
What is the hundreds digit of 277940?
9
What is the thousands digit of 2542787?
2
What is the tens digit of 202184?
8
What is the hundred thousands digit of 181361?
1
What is the units digit of 5550958?
8
What is the hundred thousands digit of 182479?
1
What is the hundreds digit of 2411397?
3
What is the hundreds digit of 603928?
9
What is the hundred thousands digit of 149702?
1
What is the tens digit of 4370?
7
What is the thousands digit of 3481422?
1
What is the hundreds digit of 903558?
5
What is the units digit of 226734?
4
What is the ten thousands digit of 688715?
8
What is the millions digit of 2115921?
2
What is the tens digit of 149219?
1
What is the tens digit of 4866525?
2
What is the thousands digit of 14463842?
3
What is the ten thousands digit of 264695?
6
What is the thousands digit of 247317?
7
What is the hundreds digit of 221441?
4
What is the thousands digit of 87220?
7
What is the hundreds digit of 25283524?
5
What is the hundred thousands digit of 24139718?
1
What is the hundred thousands digit of 6790779?
7
What is the hundreds digit of 2999430?
4
What is the hundreds digit of 659249?
2
What is the tens digit of 442547?
4
What is the ten thousands digit of 401966?
0
What is the thousands digit of 441291?
1
What is the millions digit of 1439496?
1
What is the ten millions digit of 15864480?
1
What is the tens digit of 500550?
5
What is the thousands digit of 1643306?
3
What is the hundred thousands digit of 677948?
6
What is the hundreds digit of 6348234?
2
What is the ten thousands digit of 1691844?
9
What is the hundreds digit of 795963?
9
What is the thousands digit of 284412?
4
What is the millions digit of 5311908?
5
What is the thousands digit of 437279?
7
What is the ten thousands digit of 1986115?
8
What is the thousands digit of 11467083?
7
What is the hundreds digit of 64991?
9
What is the thousands digit of 162117?
2
What is the ten thousands digit of 9082464?
8
What is the hundred thousands digit of 4069429?
0
What is the units digit of 753959?
9
What is the units digit of 7830013?
3
What is the ten thousands digit of 4112827?
1
What is the hundreds digit of 446298?
2
What is the hundreds digit of 922294?
2
What is the hundred thousands digit of 3236673?
2
What is the tens digit of 3433825?
2
What is the hundreds digit of 338590?
5
What is the hundred thousands digit of 225165?
2
What is the hundreds digit of 894057?
0
What is the thousands digit of 4258?
4
What is the hundred thousands digit of 158847?
1
What is the hundreds digit of 9496?
4
What is the units digit of 9486157?
7
What is the tens digit of 509286?
8
What is the millions dig